6
Suppose 3 = 5*w - 4*w. What is the remainder when 28 is divided by 2/w - 112/(-12)?
8
Suppose 6 = -3*n - 0*n. Let r(k) = -k**3 + 3*k**2 + 2*k + 1. What is the remainder when 32 is divided by r(n)?
15
Let z be 3/9*1*9. Suppose 0 = u + 5*i - 24, 2*i + 120 = z*u + 5*i. What is the remainder when u is divided by 15?
14
Let q = -30 + 52. Let j be -1*(-1 - (-2 + 1)). Suppose 5*t - 472 + 152 = j. Calculate the remainder when t is divided by q.
20
Suppose 37 - 1 = i. What is the remainder when 105 is divided by i?
33
Let x(z) = -z**2 - 8*z + 4. Let c be x(-8). Suppose c*d + 0*s = -5*s + 358, -5*s = -5*d + 425. Calculate the remainder when d is divided by 18.
15
Suppose 42 = -3*u - 72. Let b = -24 - u. Let x = 12 - 7. What is the remainder when b is divided by x?
4
Let a(j) = j**2 + 5*j + 4. Let u be a(-5). Let y = 6 - u. What is the remainder when 4 is divided by y?
0
Suppose 0 = l - 5*i - 40, 7 = l + 4*i - 6. Calculate the remainder when l is divided by 3.
1
Suppose 5*i - 17 = 8. Let a = i + -5. Calculate the remainder when a + 3*1/3 is divided by 1.
0
Let s(y) = -y**2 + 12*y - 11. Suppose 3*r - 17 = 10. What is the remainder when 45 is divided by s(r)?
13
Suppose 3*x + 13 = 5*m, 0*x - m = x - 1. Let y = x - -1. Suppose y*o + 2*o = 18. Calculate the remainder when 16 is divided by o.
7
Let d = -31 + 43. Suppose -5*c - 3*y - 32 = 0, 0 = -2*c + 3*y + 2 - 19. What is the remainder when d is divided by c*(0 - (-2 + 3))?
5
Suppose v = 5*g - 44, 5*g + 4*v + 4 = 28. Calculate the remainder when 27 is divided by g.
3
Let y(x) = 7*x**3 - 4*x**2 + 12*x - 11. Calculate the remainder when y(4) is divided by 53.
50
Let u(x) = -x**2 + 10*x - 10. What is the remainder when 82 is divided by u(6)?
12
Let j(c) = 7*c + 13. Let d be j(6). Let b(i) = -i**3 + 2*i**2 + 1. Let y be b(2). Calculate the remainder when y/(-3) - d/(-3) is divided by 10.
8
Suppose -d - 2*d = -6. What is the remainder when 21 is divided by d?
1
Let i(d) = -d**2 + 7*d - 9. Let j be i(7). Let s = j - -17. Calculate the remainder when 22 is divided by s.
6
Suppose -100 = 2*h - 6*h. Let m(w) = -2*w + 3. Let p(j) = 2*j + 7. Let r be p(-5). What is the remainder when h is divided by m(r)?
7
Calculate the remainder when 21 is divided by (10/25)/(1/15).
3
Suppose -8*o = 4*o + 132. Let b = -11 - -54. Let z = o + b. What is the remainder when z is divided by 17?
15
Let m = -16 - -27. Suppose p = -2*p + 57. What is the remainder when p is divided by m?
8
Suppose -3*w = 0, z + 3*w - 2 = 8*w. Calculate the remainder when 14 is divided by z.
0
Suppose -23*u = -16*u - 49. What is the remainder when 26 is divided by u?
5
Suppose 6*z - 2*z - 96 = 0. Let a = z - 15. What is the remainder when 33 is divided by a?
6
Suppose -70 = -5*s + 3*s. Let d(l) be the second derivative of -l**3/2 - 3*l**2/2 + l. Calculate the remainder when s is divided by d(-5).
11
Let h be (-87)/(-27) + (-6)/27. Calculate the remainder when 16 is divided by 2 + -1 + 15/h.
4
Suppose 0 = -g + 3 + 13. Calculate the remainder when 3*(-4)/(-3) + 25 is divided by g.
13
Suppose 0 = a + 1, a + 12 = 3*q - 2*a. Suppose -5 = -z + t + 4*t, 25 = 5*z - 2*t. What is the remainder when z is divided by q?
2
Suppose l + l = 6. Suppose g = -2*g, 0 = -y - 4*g + 6. What is the remainder when l/3 + 0 + 10 is divided by y?
5
Let l = 18 + 2. Calculate the remainder when 78 is divided by l.
18
Suppose 4*x - 9*x = -4*p + 23, -5*x + 1 = -2*p. Suppose c = -c + p. Let j = 28 - 11. Calculate the remainder when j is divided by c.
5
Let c = -4 - -28. Suppose 5*r - 2*a - 14 - 7 = 0, a = -5*r + 12. Suppose 0*f + c = r*f. Calculate the remainder when 15 is divided by f.
7
Suppose 0 = 4*z - 0*z + 5*m + 21, 5*z + 10 = -3*m. Let y = -4 + 5. What is the remainder when 9 is divided by (5 - 0/y)*z?
4
Suppose -2*q = -20 + 4. Let h = 15 - q. What is the remainder when h is divided by 3?
1
Let n(b) = -b**3 + b**2 - b - 1. Let c(u) = -54*u**3 + 2*u**2 - 3*u - 2. Let r(v) = c(v) - 3*n(v). What is the remainder when r(-1) is divided by 26?
25
Let n = 22 + -13. Suppose -3*x - 3 - n = 0. Let j = x + 7. Calculate the remainder when 11 is divided by j.
2
Let u(s) = s**2 - 3*s - 7. Let b be u(5). Suppose -5*k = -b*k - 56. What is the remainder when k is divided by 10?
8
Let n be (0 + 1)/(3/291). Suppose t - 4*o - 38 = 9, n = 3*t - o. Suppose -3*f = -2 - t. Calculate the remainder when f is divided by 6.
5
Let q be ((-7)/((-21)/24))/2. Calculate the remainder when 4 + (35 - q) + 0 is divided by 0 + 1 + 0 - -11.
11
Let k = -2 + 3. Let a = 14 - k. What is the remainder when 519/21 + (-2)/(-7) is divided by a?
12
Suppose 3*g - 42 = -3*u, 4*u - 43 - 23 = g. What is the remainder when 46 is divided by u?
14
Let a = 13 + -10. What is the remainder when 64 is divided by ((-68)/(-12))/(1/a)?
13
Let b be ((-6)/(-9))/((-2)/(-27)). Calculate the remainder when (b/(-6))/(2/(-4)) is divided by 2.
1
Suppose -w = 2*w - 5*v - 11, 3*v + 8 = 2*w. Let f = -45 - -76. Suppose 2*i + 4*n = 28, 2*n + f = 3*i - 3*n. Calculate the remainder when i is divided by w.
5
Let y be 1 - (-15 - (0 + 2)). Let f = y + -13. Calculate the remainder when 17 is divided by f.
2
Suppose -475 = -15*j + 185. What is the remainder when j is divided by 12?
8
Let d = -67 - -125. Calculate the remainder when d is divided by 20.
18
Suppose -5*r - 3 = -18. Suppose 2*h - 34 = -5*f, h = -h - 6. Suppose 0*b = -2*b + 3*z + r, 3*b - z = f. What is the remainder when 6 is divided by b?
0
Suppose 4 = c - 2*b, -3*c = 4*b - 6*b. Let t = 0 - c. Suppose -2*n - t*n - x = -126, 3*x - 122 = -4*n. What is the remainder when n is divided by 11?
10
Let b = -2 - -8. Let r(s) = 2*s**3 + s**2 - 2*s + 1. Let a be r(-3). Let w = 54 + a. Calculate the remainder when w is divided by b.
4
Let v = 133 + -87. Suppose 4*u - 2*u + 5*i = 30, -3*i = 4*u - v. Suppose 4*o = 4*c + 44, 3*o = -2*c - 2*c - 2. Calculate the remainder when u is divided by o.
4
Let x = -4 - -8. Suppose -1 = -3*s + 5. What is the remainder when 8 - ((-2)/s)/(-1) is divided by x?
3
Let i be (-2 + 0 + 1)*25. Let n = 73 + i. What is the remainder when n is divided by 17?
14
Let u(w) = 4*w - 1. Suppose -k = -5*k - 5*n + 47, -2*k + 7 = -3*n. What is the remainder when u(8) is divided by k?
7
Calculate the remainder when (-8694)/(-243) - 4/(-18) is divided by 13.
10
Suppose 13*w = 22*w - 306. Calculate the remainder when 61 is divided by w.
27
What is the remainder when (-4)/(0 + 4) + 11 is divided by 3?
1
Suppose -4*g - 4*v = -252, 0 = 5*g - 2*v - 283 - 39. What is the remainder when g is divided by 18?
10
Calculate the remainder when 891/22 + (-2)/(-4) is divided by 11.
8
Suppose 5*m = -0*m - 70. What is the remainder when 18 is divided by (-3 - -1) + (-2 - m)?
8
Let b(y) = y + 44. Let s(d) = d**3 + 4*d**2 - d - 3. Let a be s(-4). Let v be 1 - a*(-1)/(-1). What is the remainder when b(v) is divided by 15?
14
Suppose 4*z + 12 = 0, 2*x - 18 - 5 = -z. Suppose 3*q - 199 = -p - 48, -249 = -5*q - 3*p. Calculate the remainder when q is divided by x.
12
Let n(m) = m**2 + 4*m + 1. What is the remainder when 22 is divided by n(-5)?
4
Let l = 38 - 2. What is the remainder when l is divided by 10?
6
Let a be ((-16)/10)/(4/20). Let x = 0 - a. Suppose x*j - 4*j - 16 = 0. What is the remainder when 10 is divided by j?
2
Let g(c) = c**2 + 5*c - 4. Let i be g(-6). Suppose 0 = -4*k - k + i*s + 22, -2*s - 2 = 0. What is the remainder when 11 is divided by k?
3
Suppose 33 - 96 = -3*m. Suppose -32 = -5*y + y. Calculate the remainder when m is divided by y.
5
Let b be 47*1*(1 + 0). Let t = b + -15. Suppose 0 = 5*y - 4*c - t, 0 = 2*y + 3*c - c - 2. Calculate the remainder when y is divided by 2.
0
Suppose -4*j = -3*j - 30. What is the remainder when j is divided by 16?
14
Suppose -6*x + 4*x - 2 = 0. What is the remainder when -1*(-5)/2*22 is divided by x - (3 - 6 - 12)?
13
Let y be (-14)/(-18) + (-6)/(-27). Let o be y/(-4) + 146/8. What is the remainder when 16 is divided by (o/(-4))/((-1)/2)?
7
Calculate the remainder when 31 - (2/(-2) + 5) is divided by 15.
12
Suppose -l - 3*a = -0*a - 68, 328 = 4*l - 2*a. Calculate the remainder when (18/4)/(12/l) is divided by 8.
6
What is the remainder when (0 - -1) + 26 + 2 + -3 is divided by 20?
6
Suppose -3*b = k, 0 = 4*k - 0*b + b. Suppose 2*y - 10 + k = 0. Calculate the remain